e -370*i - 1456247 = -6495277. List the prime factors of i.
13619
Let o(a) = 1995*a - 6. Let x be o(2). Suppose 4*d - 20*d = -x. What are the prime factors of d?
3, 83
Suppose 36*n - 69091 = 137585. What are the prime factors of n?
5741
Let i(o) = 4*o**2 - o - 2. Let z be i(-5). Suppose z = -2*n + 5. Let g = 51 + n. What are the prime factors of g?
2
Suppose 41*l = 39*l + 6. Suppose 0 = -5*h - 4*f + 308 + 311, -4*f = l*h - 365. List the prime factors of h.
127
Let h(j) = 25 + 10*j**3 - 4*j**2 - 8*j**3 + 6*j**2 + 25*j**2 - 19*j. What are the prime factors of h(-14)?
5, 19
Let n(q) = 71*q + 1. Let z be n(-4). Suppose 24*s - 22*s = 3*h + 473, -h - 139 = 4*s. Let y = h - z. List the prime factors of y.
2
Let a be 2422/6 - 2/(-6). Let w(o) = -o**3 - 8*o**2 + 28*o + 174. Let t be w(-9). Suppose 4*h = t*f - a, -4*f + 251 = -2*f + h. What are the prime factors of f?
2
Suppose 7*k + 2*a = 4*k + 134844, 5*a = -4*k + 179799. What are the prime factors of k?
2, 3, 11, 227
Suppose 3*w - 24 - 42 = 0. Let g(q) = w*q - 1 + 30*q + 172*q**2 - 53*q. What are the prime factors of g(-1)?
2, 43
What are the prime factors of 2/8*0 - (-4893 - 44)?
4937
Suppose 3*y - 7*y - 2*a = -22, 0 = -2*a - 10. List the prime factors of 4/(y/1401)*(-2)/(-3).
467
Suppose 0 = 12*c + 2*c + c - 532260. What are the prime factors of c?
2, 3, 2957
Let a(f) = 47*f - 48. Let r(c) = 48*c - 50. Let g(q) = -2*a(q) + 3*r(q). List the prime factors of g(7).
2, 37
Let h(s) = -26*s**3 + 16*s**2 + 15*s - 8. Let j(p) = 18*p**3 - 11*p**2 - 10*p + 5. Let x(a) = -5*h(a) - 8*j(a). List the prime factors of x(-3).
3, 5, 29
What are the prime factors of 156/(0 + 13) - -11329?
11, 1031
Suppose 1057*j - 768*j - 3180445 = 0. List the prime factors of j.
5, 31, 71
Let c(y) = 1187*y**2 - 330*y - 664. What are the prime factors of c(-2)?
2, 593
Suppose 2*o = -6*z + 8*z + 11928, 2*z + 23856 = 4*o. Suppose 15*h - o = h. List the prime factors of h.
2, 3, 71
Suppose 2*o + o = 12857 + 37456. List the prime factors of o.
31, 541
Suppose 10*f - 12*f + 27691 = 3*l, -2*l + 3*f + 18478 = 0. Suppose 734*g - 727*g = l. What are the prime factors of g?
1319
Let h = -343 + 342. Let o(i) = 986*i**2 - 14*i - 14. List the prime factors of o(h).
2, 17, 29
Let z be 4*20*56/(-7). Let n = 327 - z. What are the prime factors of n?
967
List the prime factors of (40 + -68)*1/(-4)*1865.
5, 7, 373
Let j(b) = -2*b**2 - 17*b + 15. Let v be j(-8). Let s = v - 25. What are the prime factors of (s + -4)*5*(-10)/6?
2, 5
What are the prime factors of (-1008)/(-315) + 25948/10?
2, 3, 433
Let h = 11519 - -3259. List the prime factors of h.
2, 3, 821
Suppose -2*n = -6*n - 4, -4*w - 5*n = -2739. Suppose 0 = 731*f - 733*f + w. What are the prime factors of f?
7
Suppose 5*h + 295 - 1655 = 0. Suppose -8*y + 7*y + h = 0. Let p = y + -92. What are the prime factors of p?
2, 3, 5
Let q = 39912 - 28400. List the prime factors of q.
2, 1439
Suppose 0 = 24*v + 14*v + 9*v - 407067. List the prime factors of v.
3, 2887
List the prime factors of (-5 - -5 - 2/(-8)) + 12660219/468.
2, 6763
Suppose 6 - 18 = -u - 2*r, 4*u + 2*r = 18. Let i be (u/(8/(-22)))/((-8)/288). Suppose 4*p - i = 398. List the prime factors of p.
149
Let f be (5 - (3 - 1))*3/(-9). List the prime factors of 9 - (14 + -9) - (-112 + f).
3, 13
Let u = 23 + -20. Let a be (-6)/6 + (4 - -2021). Suppose 8*i = -u*i + a. What are the prime factors of i?
2, 23
Suppose 7*a = 174 - 97. Suppose a*p = 495 + 4851. List the prime factors of p.
2, 3
Suppose -3*c = 2*t - 6, -3*c - 5*t = -c - 4. Suppose -1416 = c*j - 5*n - 4015, n = 4*j - 5225. Suppose -j = -4*w - 363. What are the prime factors of w?
2, 59
Suppose 3*y = -3*h + 6, 5*h + 3 - 1 = -2*y. Suppose f - 121 = -r, 0 = f - y*f + 5*r + 395. Let n = -89 + f. List the prime factors of n.
2, 3
Let d(v) = v**2 + 13*v + 46. Suppose -2*s = 5*b + 107, -b - 16*s = -15*s + 22. List the prime factors of d(b).
2, 107
Let g = 2269 - 1516. Let l = g + 373. List the prime factors of l.
2, 563
Let s = -2049 + 18123. What are the prime factors of s?
2, 3, 19, 47
Suppose 5*n = -5*p, 0 = -2*n - 0 - 4. Suppose 50 = -p*l + 188. Suppose 594 = 5*q + l. List the prime factors of q.
3, 5, 7
Let h = -9 - -7. Let b be h/11 - (-2754)/22. Let g = b + -46. List the prime factors of g.
79
Suppose -y + 2*s - 7666 = 0, 2*s = y + 3*s + 7651. What are the prime factors of 3 - (1/(-3) + y/9)?
2, 7, 61
Suppose 11*f - 12 = 14*f. Let w be (-9)/2*f/6. Suppose -a = -l + 47, l + w*a - 188 = -3*l. List the prime factors of l.
47
Let b(q) = q + 7. Let c be b(13). Let x be 132/c + ((-12)/15)/(-2). Suppose -530 - 128 = -x*d. List the prime factors of d.
2, 47
Let u be 17647/(-14) - (-5)/((-60)/(-18)). Let w = -783 - u. List the prime factors of w.
2, 7, 17
Let i be -2 + (7 - 4) - 1. Suppose m = 4*h + 1216, i = -2*m - 2*m - h + 4796. What are the prime factors of m?
2, 3, 5
Let o = 3583 + -3181. List the prime factors of o.
2, 3, 67
Suppose 191*z - 5714860 - 1605215 = 0. List the prime factors of z.
3, 5, 7, 73
Suppose -109*b = -1946170 - 5908152. List the prime factors of b.
2, 7, 5147
Suppose 0 = r + 4*w + 6748, -3*r - 2*w = -8*r - 33828. What are the prime factors of (-58)/377 + r/(-26)?
2, 5, 13
Let v(d) = 1742*d - 5253. What are the prime factors of v(4)?
5, 7
Let y = 37 + -35. Suppose 2*w + 0*w - 3*f - 19 = 0, y*f + 20 = 5*w. Suppose -4*x - 11 - 93 = -w*a, -x = -a + 54. What are the prime factors of a?
2, 7
Suppose -882*i + 918*i - 1016316 = 0. What are the prime factors of i?
7, 37, 109
What are the prime factors of 4/(-10)*3*(148266 + -41)/(-49)?
2, 3, 5, 11
Let q(j) be the third derivative of 299*j**4/24 - j**3 - 39*j**2. List the prime factors of q(2).
2, 37
Suppose 6 + 69 = 3*k. Suppose -5*i + k = 0, -2*t + 760 = -0*t + 2*i. What are the prime factors of t?
3, 5
Let b be -1 + (-7 - -27) + -4. Suppose b*n - 2564 = 61. List the prime factors of n.
5, 7
Suppose 4*b + 31 = -3*c + 17, -16 = -3*c + 2*b. What are the prime factors of (7 - (-700 + 10)) + 6/c?
2, 5, 7
Let v(j) = -3*j - 33. Let p be v(-11). Suppose 14*c = -2*o + 10*c + 2952, -o - 3*c + 1473 = p. What are the prime factors of o?
2, 3, 13, 19
Suppose 0 = 2*x - 3*x + 5*x - 12256. List the prime factors of x.
2, 383
Let q = -354 - -357. Suppose -2*g = q*t - 7*g - 383, t + 3*g = 123. What are the prime factors of t?
2, 3, 7
Let l(o) be the first derivative of 209*o**2 - 60*o - 135. What are the prime factors of l(3)?
2, 3, 199
Suppose -53*b + 254650 = -955658. List the prime factors of b.
2, 3, 11, 173
Let l = 162033 + -93039. What are the prime factors of l?
2, 3, 3833
Let t = -20 + 23. Suppose t*u - 46 = -4*y, -2*y = 5*u + 7 - 107. Let p = u - -114. List the prime factors of p.
2, 17
Let q(m) = 13*m + 23. Let i(r) = -11 - 10 + 22. Let a(p) = -4*i(p) + q(p). What are the prime factors of a(8)?
3, 41
Let g(f) = 1675*f - 175. List the prime factors of g(4).
3, 5, 29
Suppose 3576 = 4*l + 2*v, 4*l - 11*v + 7*v = 3588. Let m = 1765 - l. List the prime factors of m.
2, 3, 5, 29
Suppose -79514 + 138435 = 90*f - 246809. What are the prime factors of f?
43, 79
Let y = 11854 + -4393. List the prime factors of y.
3, 829
Suppose 3*m + 7 + 6 = -5*o, 4*o = 3*m - 32. Suppose 102 = -m*j - 298. Let g = j - -178. List the prime factors of g.
2, 3, 13
Let j(l) = 3*l - 6. Let f(h) = -5*h - 14 + 3 + 22. Let z(w) = -6*f(w) - 15*j(w). What are the prime factors of z(-9)?
3, 53
Suppose -2*c - 2 = -8. Suppose -c*j + 191 = 3*q + j, -109 = -2*q + j. Suppose q = 2*f - f. List the prime factors of f.
3, 19
Let r = -779 + 1349. Suppose 5*p - 275 - r = 0. List the prime factors of p.
13
Let x(h) = -h**3 + 33*h**2 + 24*h + 26. Let b(c) = -c. Let s(q) = -4*b(q) - x(q). List the prime factors of s(34).
2, 3, 5
Suppose 2*d - 846 = -3*a, 3*a - 250 - 623 = -5*d. What are the prime factors of a?
2, 3, 23
Let r(t) = 26808*t - 1967. What are the prime factors of r(1)?
24841
Let c(p) = -3*p - 23. Let h(d) = -3*d - 24. Let g(v) = -5*c(v) + 6*h(v). Let l be g(-12). What are the prime factors of l + -4 + (-3 - -26)?
2, 13
What are the prime factors of 7 + (-10)/60 + (-128822)/(-12)?
2, 41, 131
List the prime factors of (-33)/(2277/(-53590))*((-47)/(-2) + 2).
5, 17, 233
Let z = -3636 + 7594. What are the prime factors of z?
2, 1979
Let s be 6/(-33) - 85032/(-132). Let b =